er when 2196 is divided by 536.
52
Calculate the remainder when 381881 is divided by 16.
9
Calculate the remainder when 8999 is divided by 779.
430
What is the remainder when 5938 is divided by 348?
22
What is the remainder when 4111 is divided by 190?
121
Calculate the remainder when 68641 is divided by 880.
1
What is the remainder when 8484 is divided by 165?
69
Calculate the remainder when 940 is divided by 157.
155
Calculate the remainder when 20545 is divided by 79.
5
Calculate the remainder when 232562 is divided by 377.
330
What is the remainder when 49762 is divided by 9931?
107
Calculate the remainder when 25641 is divided by 13.
5
What is the remainder when 336 is divided by 174?
162
What is the remainder when 11729 is divided by 217?
11
What is the remainder when 40540 is divided by 51?
46
Calculate the remainder when 2019 is divided by 421.
335
Calculate the remainder when 6854 is divided by 2363.
2128
What is the remainder when 57224 is divided by 327?
326
What is the remainder when 369770 is divided by 123253?
11
What is the remainder when 2137 is divided by 45?
22
What is the remainder when 9530 is divided by 61?
14
What is the remainder when 3096 is divided by 135?
126
Calculate the remainder when 19728 is divided by 821.
24
What is the remainder when 28569 is divided by 571?
19
What is the remainder when 27173 is divided by 86?
83
What is the remainder when 6052 is divided by 93?
7
What is the remainder when 7117 is divided by 478?
425
What is the remainder when 3911 is divided by 17?
1
What is the remainder when 2203 is divided by 66?
25
What is the remainder when 78797 is divided by 3938?
37
Calculate the remainder when 71225 is divided by 246.
131
What is the remainder when 86816 is divided by 200?
16
Calculate the remainder when 12047 is divided by 302.
269
Calculate the remainder when 4916 is divided by 76.
52
Calculate the remainder when 677 is divided by 26.
1
What is the remainder when 2881 is divided by 222?
217
What is the remainder when 4152 is divided by 2076?
0
What is the remainder when 5608 is divided by 2797?
14
What is the remainder when 125 is divided by 65?
60
What is the remainder when 5761 is divided by 1435?
21
What is the remainder when 24741 is divided by 412?
21
Calculate the remainder when 17273 is divided by 17.
1
What is the remainder when 217 is divided by 113?
104
Calculate the remainder when 54537 is divided by 6.
3
Calculate the remainder when 1188083 is divided by 1188071.
12
Calculate the remainder when 14403 is divided by 85.
38
What is the remainder when 2107 is divided by 682?
61
Calculate the remainder when 357432 is divided by 585.
582
What is the remainder when 266347 is divided by 102?
25
What is the remainder when 4784272 is divided by 119?
115
What is the remainder when 46432 is divided by 387?
379
Calculate the remainder when 4352468 is divided by 549.
545
What is the remainder when 231623 is divided by 112?
7
Calculate the remainder when 9340 is divided by 213.
181
What is the remainder when 40543 is divided by 260?
243
Calculate the remainder when 91204 is divided by 145.
144
Calculate the remainder when 4375417 is divided by 70.
67
Calculate the remainder when 41677 is divided by 5208.
13
Calculate the remainder when 18789 is divided by 312.
69
Calculate the remainder when 27456 is divided by 6853.
44
What is the remainder when 3799 is divided by 152?
151
Calculate the remainder when 2955 is divided by 492.
3
What is the remainder when 69739 is divided by 750?
739
What is the remainder when 605 is divided by 242?
121
Calculate the remainder when 96648 is divided by 32197.
57
Calculate the remainder when 36115 is divided by 592.
3
Calculate the remainder when 5788 is divided by 626.
154
What is the remainder when 49481 is divided by 139?
136
What is the remainder when 3361 is divided by 120?
1
What is the remainder when 6740 is divided by 315?
125
Calculate the remainder when 2418 is divided by 2267.
151
What is the remainder when 71352 is divided by 112?
8
Calculate the remainder when 54608 is divided by 1166.
972
Calculate the remainder when 22549 is divided by 513.
490
Calculate the remainder when 2793 is divided by 735.
588
What is the remainder when 7583 is divided by 6?
5
What is the remainder when 23018 is divided by 169?
34
What is the remainder when 170929 is divided by 457?
11
What is the remainder when 70765 is divided by 31?
23
Calculate the remainder when 3392 is divided by 1579.
234
What is the remainder when 8130 is divided by 4055?
20
What is the remainder when 23387 is divided by 23343?
44
Calculate the remainder when 519 is divided by 27.
6
Calculate the remainder when 1075 is divided by 190.
125
Calculate the remainder when 983714 is divided by 623.
620
What is the remainder when 489 is divided by 431?
58
Calculate the remainder when 14195 is divided by 458.
455
Calculate the remainder when 347358 is divided by 563.
550
What is the remainder when 23982 is divided by 2993?
38
What is the remainder when 20677 is divided by 342?
157
Calculate the remainder when 228 is divided by 193.
35
What is the remainder when 757 is divided by 164?
101
What is the remainder when 1561 is divided by 390?
1
Calculate the remainder when 43603 is divided by 400.
3
Calculate the remainder when 102869 is divided by 785.
34
What is the remainder when 898 is divided by 48?
34
What is the remainder when 77063 is divided by 152?
151
Calculate the remainder when 138322 is divided by 678.
10
Calculate the remainder when 1118817 is divided by 24.
9
Calculate the remainder when 1194738 is divided by 124.
122
What is the remainder when 299386 is divided by 85?
16
What is the remainder when 1730 is divided by 61?
22
What is the remainder when 3875 is divided by 258?
5
Calculate the remainder when 391096 is divided by 50.
46
Calculate the remainder when 395747 is divided by 85.
72
Calculate the remainder when 1745 is divided by 25.
20
What is the remainder when 1942674 is divided by 27?
24
Calculate the remainder when 12468 is divided by 20.
8
Calculate the remainder when 14558 is divided by 5.
3
What is the remainder when 296799 is divided by 80?
79
What is the remainder when 11969 is divided by 45?
44
What is the remainder when 10930 is divided by 4?
2
What is the remainder when 76145 is divided by 332?
117
What is the remainder when 43280 is divided by 43083?
197
What is the remainder when 124934 is divided by 184?
182
Calculate the remainder when 22256 is divided by 1853.
20
Calculate the remainder when 7892 is divided by 1124.
24
What is the remainder when 1756 is divided by 224?
188
Calculate the remainder when 6268 is divided by 136.
12
What is the remainder when 32595 is divided by 16261?
73
Calculate the remainder when 646263 is divided by 114.
111
What is the remainder when 4182 is divided by 219?
21
What is the remainder when 73575 is divided by 12259?
21
What is the remainder when 149014 is divided by 29802?
4
Calculate the remainder when 2439 is divided by 284.
167
Calculate the remainder when 1783 is divided by 166.
123
Calculate the remainder when 67165 is divided by 33571.
23
Calculate the remainder when 1416 is divided by 624.
168
What is the remainder when 1402 is divided by 112?
58
Calculate the remainder when 546107 is divided by 92.
87
What is the remainder when 11835 is divided by 5880?
75
What is the remainder when 11125 is divided by 214?
211
What is the remainder when 19569 is divided by 3233?
171
What is the remainder when 6432 is divided by 169?
10
What is the remainder when 3104998 is divided by 9?
7
Calculate the remainder when 85187 is divided by 458.
457
What is the remainder when 6553 is divided by 81?
73
Calculate the remainder when 6435 is divided by 150.
135
What is the remainder when 3079 is divided by 1534?
11
Calculate the remainder when 99800 is divided by 37.
11
Calculate the remainder when 118318 is divided by 39432.
22
Calculate the remainder when 242108 is divided by 83.
80
Calculate the remainder when 4512 is divided by 774.
642
Calculate the remainder when 130823 is divided by 32.
7
Calculate the remainder when 36329 is divided by 592.
217
What is the remainder when 2327 is divided by 109?
38
What is the remainder when 35177 is divided by 61?
41
C